(q) = q**2 - 2*q + 9. Give o(6).
33
Let p(c) = c**3 - 2*c**2 + 2. Calculate p(-2).
-14
Let i(s) = 9*s - 1. Determine i(5).
44
Let d(y) = 2*y - 140. Calculate d(67).
-6
Let w(s) = 8*s + 269. Give w(-32).
13
Let c(s) = -s - 9. Determine c(-21).
12
Let x(p) = p**3 + 2*p**2 - 6. Determine x(-3).
-15
Let x(z) = -z**2 + 5*z + 5. Calculate x(4).
9
Let d(y) = 4*y**2 - 3*y + 1. Determine d(4).
53
Let y(r) = -10*r + 1. Calculate y(0).
1
Let o(j) = -j**3 + 11*j**2 + 15*j - 7. Give o(12).
29
Let z(k) = -k**3 - 18*k**2 - 32*k + 1. Calculate z(-16).
1
Let a(n) = -4*n**2 + 35*n - 49. What is a(6)?
17
Let f(x) = x + 1. Calculate f(-2).
-1
Let f(x) = x**3 + 9*x**2 - 17*x + 15. What is f(-11)?
-40
Let y(i) = -2*i + 205. Give y(96).
13
Let y(z) = -z**2 - 23*z - 112. Calculate y(-16).
0
Let p(t) = t**3 + 4*t**2 - t - 2. Give p(-3).
10
Let j(l) = l - 10. What is j(14)?
4
Let x(v) = -v**2 + v + 11. Determine x(6).
-19
Let g(j) = -8*j**3 - j**2 + 2. Determine g(-1).
9
Let f(q) = -3*q + 2. Give f(7).
-19
Let g(w) = -77*w - 616. Determine g(-8).
0
Let p(u) = -u**3 - 10*u**2 - 8*u + 19. Give p(-9).
10
Let b(u) = u**3 + 4*u**2 - 6*u - 3. Give b(-5).
2
Let o(k) = -k + 23. Calculate o(2).
21
Let l(d) = d**2 + 29*d - 33. Calculate l(-30).
-3
Let n(v) = v**2 + 17*v + 9. Give n(-17).
9
Let m(b) = b**3 - 41*b**2 + 33*b + 238. Determine m(40).
-42
Let o(h) = -h**3 - 8*h**2 + h + 12. Give o(-8).
4
Let c(b) = b**3 + 28*b**2 - 1. Calculate c(-28).
-1
Let w(f) = -3*f**2 - 44*f - 6. Determine w(-15).
-21
Let x(m) = 8*m + 80. Determine x(-11).
-8
Let z(o) = 5*o**3 + 119*o**2 - 24*o - 4. Determine z(-24).
-4
Let w(h) = -8*h + 45. Calculate w(6).
-3
Let r(q) = -q + 14. What is r(12)?
2
Let q(f) = 2*f + 5. Calculate q(0).
5
Let x(o) = o**2 - 17*o - 76. What is x(-4)?
8
Let f(i) = i**3 - 22*i**2 - 26*i + 19. Give f(23).
-50
Let q(j) = 4*j - 114. What is q(27)?
-6
Let q(c) = 23*c + 47. Calculate q(-2).
1
Let q(y) = -y**3 - 6*y**2 - 8*y - 13. Give q(-6).
35
Let b(c) = c**3 + 8*c**2 + 6*c - 8. What is b(-7)?
-1
Let r(f) = 3*f**3 + 2*f**2 - f - 1. What is r(2)?
29
Let y(k) = -6*k + 14. Determine y(-5).
44
Let m(r) = 13*r + 152. Give m(-12).
-4
Let h(o) = o**3 + 6*o**2 - 27*o + 2. Determine h(-9).
2
Let d(p) = 2*p**2 - 10*p + 1. What is d(5)?
1
Let y(x) = 46*x**2 - 553*x + 7. Calculate y(12).
-5
Let h(n) = n**2 + 2*n - 29. Calculate h(-8).
19
Let w(z) = 3*z - 7. Determine w(2).
-1
Let g(n) = n**2 + 16*n + 62. Give g(-7).
-1
Let p(c) = -3*c**2 - 6*c - 3. What is p(-5)?
-48
Let l(q) = -3*q + 4. Determine l(-8).
28
Let u(i) = i**2 - 9*i - 7. Determine u(11).
15
Let k(x) = -x**3 - 9*x**2 - 2*x + 5. What is k(-9)?
23
Let z(a) = -8*a + 31. Determine z(14).
-81
Let g(r) = 3*r + 15. Give g(-8).
-9
Let a(x) = -x**2 - 10*x - 7. Calculate a(-8).
9
Let k(p) = -p**2 - 16*p - 80. What is k(-8)?
-16
Let j(t) = t**3 + 32*t**2 + 62*t + 52. Calculate j(-30).
-8
Let r(s) = -s**3 - 16*s**2 - 3*s - 8. Determine r(-15).
-188
Let k(q) = 118*q + 587. Give k(-5).
-3
Let n(c) = -2*c**3 - 27*c**2 + 15*c + 10. What is n(-14)?
-4
Let p(l) = 3*l + 46. Determine p(-15).
1
Let v(l) = l - 25. What is v(8)?
-17
Let p(m) = 6*m**2 - 6*m. What is p(3)?
36
Let w(x) = -x**2 + x + 7. What is w(-6)?
-35
Let a(v) = 2*v + 58. Determine a(0).
58
Let i(v) = -v**3 + 5*v**2 - 3*v + 3. Give i(5).
-12
Let v(o) = -3*o. Determine v(-5).
15
Let q(x) = -3*x**3. Give q(1).
-3
Let i(s) = s**2 - 8*s + 13. Calculate i(12).
61
Let d(m) = m**3 - 4*m**2 - 5*m + 16. Give d(4).
-4
Let g(a) = -a**2 + 5*a - 4. Give g(2).
2
Let x(f) = -5*f - 6. What is x(0)?
-6
Let m(p) = -p**3 - 8*p**2 - 8*p + 8. Give m(-8).
72
Let y(x) = -5*x - 27. Calculate y(-11).
28
Let c(f) = 6*f**2 - 34*f - 8. Give c(6).
4
Let k(b) = -b**3 - 11*b**2 - 3*b - 28. Determine k(-11).
5
Let b(l) = -2*l**3 + 9*l**2 + 17*l + 3. What is b(6)?
-3
Let f(q) = 11*q - 4. Calculate f(-4).
-48
Let o(t) = -t**2 + 3*t + 2. Determine o(3).
2
Let t(k) = -4*k**3 + 5*k**2 + 9*k + 8. Give t(-2).
42
Let w(r) = r**2 - 15*r + 5. Give w(12).
-31
Let r(j) = j**3 - 2*j**2 - 1. Give r(3).
8
Let q(o) = -o**2 + 5*o + 21. What is q(7)?
7
Let f(a) = -50*a**3 - a**2 + a - 2. What is f(1)?
-52
Let o(t) = 19*t + 4. Give o(-1).
-15
Let d(h) = -21*h**2 - 335*h + 13. Give d(-16).
-3
Let f(d) = -29*d. Give f(1).
-29
Let h(x) = -8*x - 66. Calculate h(-9).
6
Let l(v) = -20*v**2 - 1. Determine l(1).
-21
Let v(k) = 49*k**2 - 1. Calculate v(-1).
48
Let s(a) = 5*a - 190. Determine s(35).
-15
Let m(y) = y + 8. What is m(0)?
8
Let t(c) = -8*c**2 - 3*c - 2. Determine t(-2).
-28
Let d(t) = t**3 - 9*t**2 + 19*t - 4. Calculate d(5).
-9
Let y(i) = i**2 - 3*i - 8. What is y(7)?
20
Let z(x) = x**3 - 4*x**2 - 4*x - 4. Calculate z(5).
1
Let p(n) = 5*n + 204. Give p(-42).
-6
Let j(l) = 5*l**3 - l**2 + 3*l - 1. Determine j(1).
6
Let y(a) = -a - 5. What is y(-2)?
-3
Let j(f) = f**2 + 6*f + 3. Determine j(-6).
3
Let q(i) = -i**2 - 13*i + 3. Give q(-13).
3
Let o(z) = -z - 45. Give o(-32).
-13
Let k(x) = x + 10. Calculate k(-11).
-1
Let u(h) = -2*h - 25. Give u(-16).
7
Let g(j) = 2*j**2 + 13*j + 9. What is g(-4)?
-11
Let l(v) = -3*v - 3. Give l(8).
-27
Let s(x) = -11*x - 15. Calculate s(0).
-15
Let t(v) = 2*v**3 - v**2 - 5*v + 2. Give t(2).
4
Let f(i) = -i**3 + 46*i**2 - 43*i - 70. What is f(45)?
20
Let o(y) = y**2 + y + 23. Determine o(0).
23
Let d(o) = o**3 - 6*o**2 + 6*o - 18. Determine d(6).
18
Let y(j) = j**3 + 14*j**2 + 16*j + 34. What is y(-13)?
-5
Let x(f) = 6*f**2 - f - 1. What is x(1)?
4
Let d(v) = -v**3 + v**2 + v - 16. What is d(0)?
-16
Let v(s) = -s**3 - 9*s**2 - 2*s + 18. Calculate v(-8).
-30
Let d(h) = -h**3 - 16*h**2 - 2*h - 2. Give d(-16).
30
Let m(d) = d**2 + 22*d - 367. Calculate m(-33).
-4
Let d(p) = 95*p**3 - 2*p**2 + p + 3. What is d(-1)?
-95
Let p(g) = g**2 - 8*g + 8. Give p(7).
1
Let r(t) = -6*t**2 - t + 4. Give r(-3).
-47
Let w(s) = 2*s**3 + 22*s**2 + 19*s - 11. Give w(-10).
-1
Let i(r) = -8*r + 119. Calculate i(22).
-57
Let u(d) = -d**3 + 10*d**2 - 11*d - 24. What is u(8)?
16
Let t(p) = -8*p + 26. What is t(8)?
-38
Let d(j) = -j**3 - 32*j**2 + 69*j + 36. Determine d(-34).
2
Let t(w) = w**3 - 15*w**2 + 15*w - 18. Give t(14).
-4
Let o(p) = 5*p - 3. Give o(6).
27
Let w(j) = -7*j**2. What is w(-1)?
-7
Let p(g) = g**3 - 8*g**2 + 11*g + 1. What is p(6)?
-5
Let k(i) = -i**2 + 4*i + 9. Give k(10).
-51
Let b(o) = o**2 + 11*o - 21. Determine b(-12).
-9
Let o(l) = l**2 + 13*l + 22. Determine o(-10).
-8
Let f(u) = u**3 + 9*u**2 + 8*u + 20. Determine f(-8).
20
Let g(p) = 2*p + 8. Calculate g(-7).
-6
Let b(m) = 2*m + 23. Calculate b(-12).
-1
Let t(k) = 4*k + 176. Determine t(-40).
16
Let c(b) = -b**3 + 3*b**2 - 2*b - 8. Calculate c(0).
-8
Let d(m) = 6*m - 72. What is d(14)?
12
Let m(d) = d**2 - 24*d + 127. What is m(8)?
-1
Let y(s) = -s**2 - 14*s. What is y(-14)?
0
Let m(l) = l**2 - 3*l - 15. Calculate m(-4).
13
Let l(n) = -6*n - 18. Determine l(-7).
24
Let x(c) = 2*c**3 + 2*c + 1. Give x(2).
21
Let o(m) = 7*m + 45. Determine o(21).
192
Let h(d) = -3*d + 17. What is h(11)?
-16
Let z(c) = -c + 10. What is z(10)?
0
Let s(y) = 94*y + 6. Give s(-1).
-88
Let t(g) = 24*g + 594. What is t(-25)?
-6
Let u(o) = -o**2 + 39. Determine u(0).
39
Let s(w) = -w**3 + 18*w**2 - 2*w + 35. Calculate s(18).
-1
Let x(k) = 4*k + 3. Calculate x(-4).
-13
Let f(i) = i**3 + 9*i**2 + 10*i + 10. What is f(-8)?
-6
Let t(u) = 14*u. What is t(1)?
14
Let a(f) = -2*f - 21. Calculate a(-14).
7
Let d(p) = -p**2 + 4*p + 19. Give d(-3).
-2
Let j(x) = x**2 + 3*x + 15. What is j(-5)?
25
Let a(h) = h**2 + 3*h - 1. Give a(-2).
-3
Let l(t) = -t**3 + 5*t**2 - 3*t + 12. Determine l(5).
-3
Let q(d) = -22*d - 9. What is q(-2)?
35
Let j(c) = -15*c**2 - c + 4. Determine j(-2).
-54
Let j(r) = r**2 - 76*r + 347. Calculate j(5).
-8
Let q(m) = 3*m + 8. What is q(-3)?
-1
Let d(g) = -9*g**3 - 4*g + 5. Give d(2).
-75
Let q(m) = -m**3 - 9*m**2 - 8*m - 8. Calculate q(-4).
-56
Let x(s) = s**2 - 30*s - 61. Give x(-2).
3
Let j(o) = -o**2 + 23*o - 5. Give j(23).
-5
Let v(q) = -6*q - 105. Calculate v(-18).
3
Let s(f) = -2*f**3 + 25*f**2 - 13*f + 21. Determine s(12).
9
Let w(y) = -4*y - 6. What is w(-1)?
-2
Let b(k) = -3*k - 75. Give b(-23).
-6
Let r(q) = -q**3 - 4*q**2 + 7*q + 9. What is r(-5)?
-1
Let w(j) = j**2. Determine w(2).
4
Let f(j) = -j**3 - 19*j**2 - 90*j - 21. What is f(-11)?
1
